 10/(-15) - 100/(-6). Suppose 2*g + 2*g = j. What is the highest common factor of s and g?
4
Suppose -3*p + 45 = -6*p. Let c be (-2)/(-4)*(1 - p). What is the greatest common factor of 64 and c?
8
Let l(a) = a**3 + 10*a**2 + 4*a - 18. Let v be l(-8). What is the greatest common factor of v and 117?
39
Let r = -64 - -88. What is the highest common factor of 24 and r?
24
Let k = 1 - 17. Let c = 22 + k. Calculate the highest common factor of c and 6.
6
Let d be (-11 - -9)*5/(-2). Suppose d*q = 344 + 196. Calculate the highest common divisor of q and 18.
18
Let z = -1 + -13. Let w = z + 32. Calculate the highest common divisor of 9 and w.
9
Let r = 0 + 11. What is the highest common divisor of 121 and r?
11
Let a be ((-24)/16)/((-2)/4). What is the greatest common divisor of a and 33?
3
Let d be (-1*2 - -9) + -2. Let s(f) = f - 5. Let p be s(d). Suppose -4*z = -l + z + 3, p = -4*l - z + 33. What is the highest common factor of l and 64?
8
Let f(c) = -c**3 - 2*c**2 - 5. Let r be f(-5). Suppose -6*z + 9*z + 6 = 0. Let x = 8 - z. Calculate the greatest common factor of r and x.
10
Suppose -94 = -4*j + 5*x - 2*x, -j + 29 = 2*x. Suppose 4*r - 20 = -5*c + c, -5*r + j = 2*c. Let p = -1 + 2. What is the highest common factor of p and r?
1
Let q = -25 - -39. Calculate the greatest common factor of 70 and q.
14
Let a be (0/1 - 0) + 29. Suppose 2*t - a = 5*q, 2*t + t - 26 = 4*q. Suppose -240 = -7*o + t*o. What is the highest common divisor of o and 12?
12
Suppose 2*i + 132 = 4*c, 52 = 3*c + 3*i - 47. Calculate the highest common factor of 33 and c.
33
Suppose 0 = 2*h + 3*w + 10, 0 = -w + 2*w + 4. What is the highest common factor of 7 and h?
1
Suppose 126 = 9*q - 7*q. Let m = 6 - 2. Let g = 11 - m. Calculate the greatest common factor of g and q.
7
Suppose 5 + 1 = 2*m. Suppose -s - 2*b + 2 = s, 0 = m*s - b - 23. Calculate the highest common factor of 30 and s.
6
Let n = -4 + 81. Suppose 4*x + 0*u = 3*u + 81, 3*x + u - n = 0. Calculate the highest common divisor of 6 and x.
6
Let o = 49 + -26. Suppose 18 = -4*h - 34. Let y = h + o. What is the highest common divisor of 4 and y?
2
Let v(j) = -3*j**3 + j**2 + 2*j + 1. Let h be v(2). Let f = h - -31. Suppose 0 = -4*g + 76 + f. Calculate the greatest common factor of g and 253.
23
Suppose 43 = n - 69. Let r(a) be the first derivative of -a**4/4 + a**3/3 - a**2 - 2*a + 1. Let d be r(-2). Calculate the highest common divisor of n and d.
14
Let j(s) = 5 + 2*s - s**2 - 5. Let k be j(-2). Let u be ((-6)/(-4))/((-6)/k). What is the highest common factor of u and 5?
1
Suppose -5*l - 2*c = -49, -4*c - 4 = -l + 19. Let i(f) = 13*f**2 + 2*f - 1. Let w be i(2). What is the greatest common factor of w and l?
11
Let i be 770 - (-1 + (2 - 1)). Suppose 6*b = b + i. Calculate the highest common factor of b and 14.
14
Suppose -147 = -11*f + 128. What is the highest common factor of 200 and f?
25
Let a = -1 - -3. Suppose -4 - a = -2*i. Let x = 10 - i. What is the greatest common divisor of 77 and x?
7
Suppose -1 = -f + 9. Let p(b) = -7*b + 6. Let r be p(-12). Suppose 4*q - 5*q = -r. What is the greatest common divisor of q and f?
10
Let c = 1 - -2. Let y be ((-136)/(-3))/(1/c). Calculate the highest common factor of 17 and y.
17
Let n be 2*(3/1 + -2). Suppose -b - 4*b = -n*c - 284, -5*c = b - 46. What is the highest common factor of 8 and b?
8
Suppose -t = -2 + 1. Let z = t + 10. Suppose -5*r + 99 = -4*r. What is the highest common divisor of z and r?
11
Let z = 4 - 2. Let v be (-5)/(-2) - z/(-4). Suppose 27 = 2*d - r + 7, v*d - 4*r = 20. What is the highest common factor of d and 4?
4
Suppose -5*l - 12 + 1100 = -3*k, -884 = -4*l - k. Let a be 101/5 + 13/(-65). What is the highest common divisor of a and l?
20
Let s be (32/4)/((-3)/(-12)). Suppose 5*c - 192 = -s. Calculate the highest common divisor of 16 and c.
16
Suppose -4*u + 12 + 0 = 0. Suppose -13 = -4*b + u. What is the greatest common factor of 10 and b?
2
Let q be 1*(6 - (-3 - -4)). Suppose -6 = 4*d + q*p, -8 = 4*p - 0*p. Suppose -4*n + 13 = -7. What is the highest common divisor of d and n?
1
Let r = 24 + -6. Suppose 3*g - 8 = -g, -2*n + 4*g = 2. Suppose n*b - 12 = 6. What is the highest common divisor of r and b?
6
Suppose -5*z + 2*r = 4*r, 0 = z - 3*r. Let w(n) = n + 2. Let s be w(z). Calculate the highest common divisor of 2 and s.
2
Let n = 98 + -32. Let v = -45 + n. Suppose 0 = 5*p + g - 10, 4*p - 3*g - 13 - 14 = 0. What is the highest common divisor of p and v?
3
Let g = 23 + -2. What is the greatest common divisor of g and 21?
21
Let w = 3 - 14. Let s = w + 23. Suppose s = 2*p + 2*m, -2 + 10 = 4*m. Calculate the greatest common factor of p and 44.
4
Suppose 9 + 91 = 2*l. Let u(n) = n**2 + 2*n - 1. Let j be u(-3). Let g = j + 18. Calculate the greatest common divisor of l and g.
10
Let q(w) = -2*w - 2. Let f be q(-3). Suppose m + 6 = h + h, -f*h = 4*m. Calculate the highest common divisor of 22 and h.
2
Let s(m) = m**2 + 5*m - 14. Let q be s(-7). Suppose 3*l - 4 = -l. Let c = q + l. What is the highest common factor of c and 11?
1
Let g be 88/(6/(1 - -2)). Calculate the highest common divisor of g and 11.
11
Let u = 40 - -8. Let l = 41 - 17. What is the highest common divisor of l and u?
24
Let f be 2/(((-4)/16)/(-1)). What is the greatest common factor of f and 8?
8
Suppose 74 = 2*k + 22. Calculate the greatest common divisor of 104 and k.
26
Let y(s) = 3*s - 10. Let z be y(5). Let r = 93 + -38. Calculate the highest common factor of r and z.
5
Let n be (-17)/(-3) - (-8)/(-12). Let v be 2/5 + 2007/45. What is the highest common divisor of n and v?
5
Let o = 14 - 2. Suppose -5*n = -g + 85, 0*g = 5*g + n - 295. Calculate the highest common divisor of o and g.
12
Suppose n - 1 - 2 = 0. Calculate the greatest common divisor of 3 and n.
3
Let v(q) = q**3 - 8*q**2 + 6*q - 3. Let x = 5 - -4. Let l be v(x). Suppose 5*t - l = t. What is the greatest common divisor of t and 22?
11
Let a be (-300)/(-9) + (-4)/(-6). Let u be a - (2/1 - 1). What is the greatest common divisor of 22 and u?
11
Suppose p = -2 + 3. Calculate the greatest common factor of p and 1.
1
Suppose 10 - 4 = -w. Let d be w/8 - (-1150)/8. Calculate the greatest common divisor of d and 13.
13
Let a be (-1)/(-5) + (-16)/80. Suppose -7*v + 2*v + 40 = a. What is the highest common factor of v and 56?
8
Let a be ((-1449)/(-46))/((-6)/(-40)). What is the highest common factor of 42 and a?
42
Let k be (-3 - -2)/(2/(-2)). Suppose 3*r + 3*c = 0, -5*r - 4*c = k - 6. Suppose -4 = -6*z + 4*z. Calculate the highest common divisor of z and r.
1
Let s(r) = r**2 - 2*r + 13. Let x be s(11). Calculate the greatest common factor of x and 16.
16
Let y = 11 - -15. What is the greatest common divisor of y and 65?
13
Suppose 5*m - 3*q = -0*q + 117, q = 1. Let b be 20/6*(-12)/(-8). Suppose 3*k + b*g = g + 176, -3*k + 181 = -g. Calculate the greatest common divisor of k and m.
12
Let w(h) = -2*h**2 + 7*h - 5. Let d be w(5). Let s = d - -40. What is the highest common divisor of s and 50?
10
Let n be 5*1/(20/48). Calculate the highest common divisor of 12 and n.
12
Suppose 0 = -0*j - j + 4. Let t be (-1 + 0)/((-1)/j). Suppose 11*v = 6*v + 20. Calculate the greatest common factor of t and v.
4
Let h = 10 - 0. Let u(i) be the second derivative of -i**3/6 + 7*i**2 - 4*i. Let v be u(h). Calculate the highest common factor of 36 and v.
4
Suppose 3*i - 18 = -n, n + 38 = 8*i - 3*i. What is the highest common divisor of i and 56?
7
Let t(s) = s**3 + 11*s**2 - 13*s + 4. Let u be t(-12). What is the highest common divisor of u and 176?
16
Let t = -170 + 269. Let g(m) = 2*m - 7. Let p be g(8). What is the greatest common factor of t and p?
9
Let z be 25/((-4)/(-20) - 0). Let c = z + -77. What is the greatest common factor of 16 and c?
16
Let w = -70 - -72. Calculate the highest common factor of 22 and w.
2
Let j(x) = x**3 + 9*x**2 - 4*x. Let l be j(-8). Let f = 81 - 17. Calculate the greatest common divisor of l and f.
32
Suppose 0 = -4*f + r + 62, -4*r - 13 = 2*f - 35. What is the highest common factor of f and 90?
15
Let z be -1*(-19 - (0 + 1)). Suppose -4*j - 8 = -2*c, 5*j + 0 = c + 2. Calculate the greatest common factor of z and c.
4
Suppose 40 = -2*j + 6*j. Suppose 3*i + k - 18 = -2*k, 5*i + j = 5*k. Suppose 3*g - 24 = g. Calculate t